6. Let b(k) = k**2 - 3*k - 2. Let i = -35 + 36. Let w be b(i). Give f(w).
-2
Suppose 5*q - 22 = 2*c, 2*q + 2*c = q + 2. Let r(u) be the first derivative of u**3/3 - 3*u**2 + 3*u - 32. Determine r(q).
-5
Let n(j) be the second derivative of 1/2*j**3 - 1/12*j**4 - 5/2*j**2 + 0 - 8*j. Let i(g) be the first derivative of n(g). Calculate i(3).
-3
Let i(m) = 3*m + 10. Let h be i(-4). Let j(b) = 11*b**2 + 6*b + 3. Let l be j(h). Suppose 5*y + 25 - l = 0. Let c(o) = o**3 + o**2 - 2*o. Calculate c(y).
8
Let p(v) = v**2 - 3*v - 1. Let h(q) = -3*q**2 + 7*q + 2. Let b(z) = 2*h(z) + 5*p(z). Let n(w) = -w + 5. Let y be n(3). Give b(y).
-7
Let k(w) = -2*w**3 + 17*w**2 - 8*w. Suppose -9 = -3*z, -3*q = -4*z + 3 - 15. What is k(q)?
0
Suppose -95*i = -l - 98*i + 15, i = 3. Let r(m) = 3*m**2 - 16*m - 18. What is r(l)?
-6
Let o(c) be the third derivative of 1/24*c**4 + 9*c**2 + 0*c**5 + 0*c + 23/120*c**6 + 3 + 0*c**3. What is o(1)?
24
Let k(q) be the third derivative of 17*q**4/24 - 6*q**3 + 49*q**2 + 68. Calculate k(2).
-2
Let g(a) = 3*a + 37. Let j be g(-10). Let v(p) be the first derivative of 5/2*p**2 - 1/4*p**4 + 8*p + 2*p**3 - 1. What is v(j)?
-6
Let i = 10 + 5. Suppose l + 2*r = -3, 0*l + r = 5*l + i. Let u(p) = -9 + 20*p + 19*p + 8 - 69*p + 27*p. Calculate u(l).
8
Suppose -9*m + 36 = -36. Suppose 0 = -3*a + m*a. Suppose 5*l + a*l - 2*t = 1, -5*t + 13 = 3*l. Let s(v) = -3*v**2 - 2*v + 1. Give s(l).
-4
Let n = -4665 - -4667. Let l(x) = 7*x**2 + 2. What is l(n)?
30
Suppose 2 = 3*p - 10. Let q(y) = -y**3 - 5*y**2. Let l be q(-5). Suppose l = 3*i + 1 - p. Let k(v) = 7*v**2. Give k(i).
7
Suppose 23*x + 77 = 80*x + 533. Let n(m) = m**3 + 7*m**2 - 9*m - 7. Determine n(x).
1
Let g(m) = -38079 - 2*m - 4*m**3 + 5*m**3 - 4*m**2 + 38075 - 4*m**2. What is g(8)?
-20
Let p(v) = v**2 - 3. Let d(g) = 3*g**2 - 4*g - 11. Let h(t) = 5*t**2 + 22*t + 17. Let n be h(-3). Let r(u) = n*p(u) + d(u). Determine r(3).
-20
Let w = -66 + 70. Let b(p) = -3 + 235*p + 0 - 255*p + w. Calculate b(2).
-39
Let i(r) be the first derivative of 2*r**3 + 23*r**2/2 - 24*r + 983. Calculate i(-5).
11
Suppose -z = z. Suppose z = 5*t - 5, -2*c + 5*c + t - 1 = 0. Let h(x) be the first derivative of -x**4/4 + x**3/3 - x**2/2 - 13976. Calculate h(c).
0
Let c = 44 + -53. Let o(r) be the second derivative of -2*r**3/3 - 11*r**2/2 + 90*r - 6. Calculate o(c).
25
Let r(g) be the third derivative of g**6/120 + 13*g**5/30 - 25*g**4/24 + 10*g**3 - 4*g**2 + 34. Give r(-27).
6
Let g be 6 + -3 + -2 - 0/(16/(-4)). Let q(m) = -9*m**2 + 4*m - 3. Determine q(g).
-8
Let r(g) = -6*g + 16. Let v(f) be the second derivative of f**3/6 - 3*f**2/2 + 10*f + 2. Let t(a) = r(a) + 3*v(a). Calculate t(-5).
22
Let c(u) = -2*u. Let j = -2 - 38. Let v = 46 + j. Let o be ((-16)/6)/((-4)/v). Give c(o).
-8
Let c(q) = 8*q**2 + 7 - 2 + 5 + q**3 + 8*q. Let z(v) = v**2 - 7*v + 13. Let t be z(4). Suppose 6 = -y - t. Give c(y).
3
Let j(p) = -p**2 + 6*p + 3. Let t(m) = 4*m - 29. Let q = -127 + 136. Let g be t(q). Determine j(g).
-4
Let w(u) = 5*u - 8. Let o = -1451 - -1454. What is w(o)?
7
Let n be 22/(-33) + ((-17)/(-3) - 1). Let b = 3 + n. Let a(w) = 4*w + 2 - b*w**2 + 11*w**2 - 3*w**2. What is a(-4)?
2
Let z(q) = -3*q**3 - 2*q**2 - q - 2. Let j be z(-2). Suppose -4*o - 2*n + j = 0, -n = 4*o + 4*n - 28. Let l(f) = 4*f + 3. Give l(o).
11
Let c be (15/(270/24))/((-1)/(-105)). Let g = c - 100. Let h(b) = -39 + 8*b - b**2 + 90 - g. Give h(9).
2
Let n be (-33)/(-6)*(3 + -8 - 1). Let p be 22/n - 51/(-9). Let y(k) = 5*k + 1. Let i(u) = 3*u. Let o(q) = 5*i(q) - 2*y(q). Calculate o(p).
23
Let y(t) = -t**2 + t - 1. Let w(h) = -7*h + 5*h**2 + 4 - 9 + 8. Let b(u) = -w(u) - 4*y(u). Let n = -11 - -9. Determine b(n).
-9
Let q(d) = -3*d - 91668 - 3*d**2 + 0*d**2 - 7*d**3 + 91667. Calculate q(-2).
49
Let d(c) = -c**3 - 12*c**2 - 5*c + 2. Let l(u) = -u**2 + 38*u - 308. Let n be l(11). Determine d(n).
-64
Let s be (-2)/2 + (-24)/(-3). Let a(p) = -6*p**3 + 3*p**2 - 890*p + 14. Let b(r) = -7*r**3 + 2*r**2 - 1066*r + 15. Let f(q) = 6*a(q) - 5*b(q). Give f(s).
-12
Let c(h) = 7*h**2 - 8*h + 8. Let u(g) = -6*g**2 + 8*g - 8. Let z(s) = 5*c(s) + 6*u(s). Let j be z(6). Let m(k) = 3 + 2 + j*k + 2*k - 3*k. What is m(5)?
20
Suppose 10 = 2*w - 2. Let y be 0/((-4)/(-8)*w). Let b(o) be the first derivative of -o**2/2 + 3*o + 26. Calculate b(y).
3
Let j = -102 + 583. Let w be -16 + j/104 + 6/16. Let b(t) = t + 2. Determine b(w).
-9
Let z(a) be the first derivative of a**5/20 - 2*a**4/3 + 5*a**3/6 + 5*a**2 - 213*a - 5. Let x(n) be the first derivative of z(n). What is x(7)?
-4
Let t(a) = -12764 + 6375 - 42*a + 6610. Give t(5).
11
Suppose 5*l + 0*f + 2*f - 68 = 0, -52 = -4*l - f. Let j(a) = 6*a - 9 + 1 + 1 + 4 + l - a**2. What is j(9)?
-18
Let x(s) = 2*s + 3. Let a = 133 - 122. Suppose 2*o + a = o + b, 2*b = 8. What is x(o)?
-11
Suppose 23812 - 21957 = 265*i. Let n(x) be the first derivative of x**3/3 - 7*x**2/2 + 6*x + 2. Determine n(i).
6
Let k(p) = -12*p + 4. Let m(s) = 10*s - 5. Let l(b) = 4*k(b) + 5*m(b). Let g be 27/(-9)*(0 - 2). What is l(g)?
3
Let a(b) be the second derivative of -b**4/12 + 11*b**3/6 + 8*b**2 + 3367*b. Let h = -3 + 15. Calculate a(h).
4
Let d = -416 - -421. Let c be (8/d)/((-16)/40). Let k(i) = i**3 + 3*i**2 + 5. Calculate k(c).
-11
Let x(m) = -2*m**3 - 43*m**2 - 41*m + 19. Let c(d) = -3*d**3 - 63*d**2 - 61*d + 28. Let g(w) = 7*c(w) - 10*x(w). Give g(-9).
-3
Let v(u) = 13*u**3 - 14*u**2 + 18*u + 12. Let r(y) = -2*y**3 - y. Let h(i) = 6*r(i) + v(i). Give h(13).
-1
Suppose 31 = 8*l - 1. Let z(v) = 1 + l*v + 3 - 3 - v**2. What is z(5)?
-4
Let q = 627 - 624. Suppose -2*f - m = -21 + q, -3*m - 9 = -f. Let y(x) = -x + 12. Determine y(f).
3
Let k(y) = -6. Let t(o) = o - 2. Let u(r) = r**3 - r**2 - 8*r + 7. Let s be u(3). Let j(q) = s*k(q) - t(q). Determine j(6).
-10
Let c(a) = 3*a**2 - 46*a + 22. Suppose -14*u - 41 = -4*b - 11*u, u = -5*b + 37. Let d(i) = -2*i**2 + 30*i - 15. Let o(p) = b*d(p) + 5*c(p). Determine o(10).
-10
Let r = 116 + 147. Suppose 0 = 266*q - r*q + 9. Let g(h) = h**2 + 3*h - 4. Calculate g(q).
-4
Let b(x) be the third derivative of x**6/120 - 3*x**5/20 + 13*x**4/24 + 5*x**3/3 - 2*x**2 - 2118*x. What is b(7)?
3
Let h(c) be the third derivative of -c**5/60 + c**4/6 + 5*c**3/6 - c**2. Let a(x) = 10*x + 310. Let s be a(-19). Suppose 29*g - 54 = s. Give h(g).
-7
Let b(u) = 6*u + 1. Suppose 0 = -2*w - 2 + 4. Let p be -6*(w + -2)*4/6. Suppose 4 = p*z - 0. Determine b(z).
7
Let z(a) = 9*a - 2231*a**2 + 16 + 388*a**2 + 1842*a**2. Let p = 3 - -8. Calculate z(p).
-6
Let k(s) = -s + 1. Let d(j) = j**2 - 47*j + 10. Let y(f) = -d(f) + 17*k(f). Calculate y(6).
151
Let c(w) = 3*w - 10. Let z be c(4). Let q be 2 - (-1 - -5 - (z - -6)). Let r(o) = -o**2 + 5*o + 6. Determine r(q).
0
Let q = -733 + 735. Let r(c) be the third derivative of -c**4/12 + c**3/3 + 34*c**2. What is r(q)?
-2
Suppose 4*l - 36 = -3*u, -18 - 25 = -5*u - l. Let n(o) = 19*o - 30. Let v(q) = -12*q + 20. Let y = 153 + -148. Let d(a) = y*n(a) + 8*v(a). Give d(u).
2
Let v(a) = a**2 + 6*a - 12. Let g be v(-5). Let j = g - -26. Let w(h) = h**3 + h. Let z(r) = -10*r**2 + 10*r - 12. Let q(s) = w(s) + z(s). Determine q(j).
6
Suppose i = 6*i + 3*b - 79, -b = 4*i - 59. Let h(c) = 3*c**2 - i - 4*c**2 - 5*c - 6 + 8 - 6*c. Calculate h(-8).
12
Let c(n) = 3*n**3 - 14*n**2 - 18*n - 94. Let y(l) = -4*l**3 + 15*l**2 + 22*l + 113. Let t(z) = 5*c(z) + 4*y(z). Give t(-10).
2
Suppose 2*t - 8 = 18. Let z = 29 - t. Let o = -11 + z. Let w(m) = -m**2 + 4*m - 1. What is w(o)?
-6
Let q = 2843 + -2831. Let b(p) = p**2 - 16*p + 35. Determine b(q).
-13
Let y(m) = 202*m - 393. Let b be y(2). Let i(x) = 5*x - 52. Determine i(b).
3
Let k(n) = n**3 + 28*n**2 + 65*n + 1823. Let l be k(-28). Let s(m) = -2*m**2 - 4*m - 5 + 1 + 5*m**2. What is s(l)?
11
Let b(q) = 0*q**3 + 3*q**3 - 460*q + 463*q + 2*q**2. Give b(-2).
-22
Let k(x) = 5*x**2 - 4*x + 6. Let t(j) = 14*j**2 - 12*j + 17. Let s(m) = -17*k(m) + 6*t(m). Let o be s(-3). Let w(v) = v**2 - 4*v + 2. Give w(o).
-1
Suppose 0 = -6*r + 4195 - 4141. Let l(z) = z**3 - 11*z**2 + 11*z + 21. Give l(r).
-42
Let r(h) be the second derivative of h**5/20 - h**4/24 + 7*h**3/3 - h**2/2 - 2*h + 2. Let x(w) be the second derivative of r(w). Determine x(-1).
-7
Let s(o) = 18*o - 72. Let j = 